{"id":290,"date":"2022-05-11T18:38:26","date_gmt":"2022-05-11T18:38:26","guid":{"rendered":"https:\/\/montajespublicitarios.net\/?page_id=290"},"modified":"2022-05-11T18:40:39","modified_gmt":"2022-05-11T18:40:39","slug":"montaje-de-totems","status":"publish","type":"page","link":"https:\/\/montajespublicitarios.net\/index.php\/montaje-de-totems\/","title":{"rendered":"Montaje de totems"},"content":{"rendered":"\t\t<div data-elementor-type=\"wp-page\" data-elementor-id=\"290\" class=\"elementor elementor-290\">\n\t\t\t\t\t\t<section class=\"elementor-section elementor-top-section elementor-element elementor-element-118bb40 elementor-section-full_width elementor-section-content-middle elementor-section-height-default elementor-section-height-default\" data-id=\"118bb40\" data-element_type=\"section\">\n\t\t\t\t\t\t<div class=\"elementor-container elementor-column-gap-no\">\n\t\t\t\t\t<div class=\"elementor-column elementor-col-50 elementor-top-column elementor-element elementor-element-753f35ec\" data-id=\"753f35ec\" data-element_type=\"column\" data-settings=\"{&quot;background_background&quot;:&quot;classic&quot;}\">\n\t\t\t<div class=\"elementor-widget-wrap elementor-element-populated\">\n\t\t\t\t\t<div class=\"elementor-background-overlay\"><\/div>\n\t\t\t\t\t\t\t<\/div>\n\t\t<\/div>\n\t\t\t\t<div class=\"elementor-column elementor-col-50 elementor-top-column elementor-element elementor-element-7da1307\" data-id=\"7da1307\" data-element_type=\"column\">\n\t\t\t<div class=\"elementor-widget-wrap elementor-element-populated\">\n\t\t\t\t\t\t<div class=\"elementor-element elementor-element-1bce7c76 elementor-widget elementor-widget-text-editor\" data-id=\"1bce7c76\" data-element_type=\"widget\" data-widget_type=\"text-editor.default\">\n\t\t\t\t<div class=\"elementor-widget-container\">\n\t\t\t\t\t\t\t<p>Ofrecemos un servicio integral de Montaje de\u00a0 totems en cualquier punto de Espa\u00f1a y Portugal, incluyendo Islas Baleares y Canarias.<\/p>\t\t\t\t\t\t<\/div>\n\t\t\t\t<\/div>\n\t\t\t\t<div class=\"elementor-element elementor-element-53615a23 elementor-widget elementor-widget-text-editor\" data-id=\"53615a23\" data-element_type=\"widget\" data-widget_type=\"text-editor.default\">\n\t\t\t\t<div class=\"elementor-widget-container\">\n\t\t\t\t\t\t\t<p>Somos expertos en montajes de todo tipo de instalaci\u00f3n de totems publicitarios, con m\u00e1s de 20 a\u00f1os de experiencia<\/p><p>Los totems publicitarios pueden estar hechos de muchos materiales distintos. Un t\u00f3tem publicitario exterior est\u00e1 fabricado con materiales m\u00e1s resistentes. Esto incluye metal, madera o pl\u00e1stico. La publicidad se imprime de forma digital, como ocurre con las versiones que se instalan bajo techo, pero est\u00e1 protegida contra la intemperie.<\/p><p>Tambi\u00e9n instalamos los totems digitales, que cuentan con una pantalla LED o LCD. Los modelos de esta clase se conectan a un ordenador, desde donde se env\u00eda y controla la publicidad que exhiben. Hay modelos que disponen de iluminaci\u00f3n, permitiendo as\u00ed que el anuncio sea m\u00e1s visible todav\u00eda, incluso al caer la noche.<\/p>\t\t\t\t\t\t<\/div>\n\t\t\t\t<\/div>\n\t\t\t\t\t<\/div>\n\t\t<\/div>\n\t\t\t\t\t<\/div>\n\t\t<\/section>\n\t\t\t\t<\/div>\n\t\t","protected":false},"excerpt":{"rendered":"<p>Ofrecemos un servicio integral de Montaje de&nbsp; totems en cualquier punto de Espa\u00f1a y Portugal, incluyendo Islas Baleares y Canarias. Somos expertos en montajes de todo tipo de instalaci\u00f3n de totems publicitarios, con m\u00e1s de 20 a\u00f1os de experiencia Los totems publicitarios pueden estar hechos de muchos materiales distintos. Un t\u00f3tem publicitario exterior est\u00e1 fabricado&hellip; <br \/> <a class=\"read-more\" href=\"https:\/\/montajespublicitarios.net\/index.php\/montaje-de-totems\/\">Leer m\u00e1s<\/a><\/p>\n","protected":false},"author":1,"featured_media":0,"parent":0,"menu_order":0,"comment_status":"closed","ping_status":"closed","template":"","meta":{"footnotes":""},"class_list":["post-290","page","type-page","status-publish","hentry"],"aioseo_notices":[],"_links":{"self":[{"href":"https:\/\/montajespublicitarios.net\/index.php\/wp-json\/wp\/v2\/pages\/290","targetHints":{"allow":["GET"]}}],"collection":[{"href":"https:\/\/montajespublicitarios.net\/index.php\/wp-json\/wp\/v2\/pages"}],"about":[{"href":"https:\/\/montajespublicitarios.net\/index.php\/wp-json\/wp\/v2\/types\/page"}],"author":[{"embeddable":true,"href":"https:\/\/montajespublicitarios.net\/index.php\/wp-json\/wp\/v2\/users\/1"}],"replies":[{"embeddable":true,"href":"https:\/\/montajespublicitarios.net\/index.php\/wp-json\/wp\/v2\/comments?post=290"}],"version-history":[{"count":5,"href":"https:\/\/montajespublicitarios.net\/index.php\/wp-json\/wp\/v2\/pages\/290\/revisions"}],"predecessor-version":[{"id":296,"href":"https:\/\/montajespublicitarios.net\/index.php\/wp-json\/wp\/v2\/pages\/290\/revisions\/296"}],"wp:attachment":[{"href":"https:\/\/montajespublicitarios.net\/index.php\/wp-json\/wp\/v2\/media?parent=290"}],"curies":[{"name":"wp","href":"https:\/\/api.w.org\/{rel}","templated":true}]}}