{"id":313,"date":"2022-06-13T12:03:38","date_gmt":"2022-06-13T12:03:38","guid":{"rendered":"https:\/\/montajespublicitarios.net\/?page_id=313"},"modified":"2022-06-13T12:11:45","modified_gmt":"2022-06-13T12:11:45","slug":"instalacion-de-mobiliario-urbano","status":"publish","type":"page","link":"https:\/\/montajespublicitarios.net\/index.php\/instalacion-de-mobiliario-urbano\/","title":{"rendered":"Instalaci\u00f3n de mobiliario urbano"},"content":{"rendered":"\t\t<div data-elementor-type=\"wp-page\" data-elementor-id=\"313\" class=\"elementor elementor-313\">\n\t\t\t\t\t\t<section class=\"elementor-section elementor-top-section elementor-element elementor-element-cfe0f35 elementor-section-boxed elementor-section-height-default elementor-section-height-default\" data-id=\"cfe0f35\" data-element_type=\"section\">\n\t\t\t\t\t\t<div class=\"elementor-container elementor-column-gap-default\">\n\t\t\t\t\t<div class=\"elementor-column elementor-col-50 elementor-top-column elementor-element elementor-element-90e2ade\" data-id=\"90e2ade\" data-element_type=\"column\">\n\t\t\t<div class=\"elementor-widget-wrap elementor-element-populated\">\n\t\t\t\t\t\t<div class=\"elementor-element elementor-element-55292e2 elementor-widget elementor-widget-image\" data-id=\"55292e2\" data-element_type=\"widget\" data-widget_type=\"image.default\">\n\t\t\t\t<div class=\"elementor-widget-container\">\n\t\t\t\t\t\t\t\t\t\t\t\t\t<img fetchpriority=\"high\" decoding=\"async\" width=\"572\" height=\"711\" src=\"https:\/\/montajespublicitarios.net\/wp-content\/uploads\/2022\/06\/Instalacion-de-mobiliario-urbano.jpg\" class=\"attachment-large size-large wp-image-315\" alt=\"\" srcset=\"https:\/\/montajespublicitarios.net\/wp-content\/uploads\/2022\/06\/Instalacion-de-mobiliario-urbano.jpg 572w, https:\/\/montajespublicitarios.net\/wp-content\/uploads\/2022\/06\/Instalacion-de-mobiliario-urbano-241x300.jpg 241w\" sizes=\"(max-width: 572px) 100vw, 572px\" \/>\t\t\t\t\t\t\t\t\t\t\t\t\t<\/div>\n\t\t\t\t<\/div>\n\t\t\t\t\t<\/div>\n\t\t<\/div>\n\t\t\t\t<div class=\"elementor-column elementor-col-50 elementor-top-column elementor-element elementor-element-6e33ee0\" data-id=\"6e33ee0\" data-element_type=\"column\">\n\t\t\t<div class=\"elementor-widget-wrap elementor-element-populated\">\n\t\t\t\t\t\t<div class=\"elementor-element elementor-element-a9ffc1b elementor-widget elementor-widget-text-editor\" data-id=\"a9ffc1b\" data-element_type=\"widget\" data-widget_type=\"text-editor.default\">\n\t\t\t\t<div class=\"elementor-widget-container\">\n\t\t\t\t\t\t\t<p>En Montajes Publicitarios somos conscientes de que el Mobiliario Urbano no depende \u00fanicamente del coste o los materiales. Algo muy importante que no todos los fabricantes analizan es el montaje de mobiliario.\u00a0Para los montajes de mobiliario urbano existen \u00a03 sencillos m\u00e9todos de instalaci\u00f3n:\u00a0M\u00f3vil\u00a0Muchos proyectos requieren que el mobiliario urbano pueda moverse con facilidad, por lo que si no quieres fijar el mueble, se puede instalar en el suelo sin necesidad de tornillos.\u00a0Cimentado.\u00a0Son muchas las zonas que requieren para el montaje de mobiliario urbano fijar el mobiliario urbano para evitar su movimiento.\u00a0Atornillado en cemento. Ideal para aquellos proyectos que quieran incluir Mobiliario Urbano y fijarlo en la acera sin tener que destruir la superficie ya construida, la instalaci\u00f3n con cemento atornillado permite la colocaci\u00f3n del mobiliario con taladro, realizando \u00fanicamente agujeros.<\/p><p><strong>SERVICIOS DE INSTALACI\u00d3N DE MOBILIARIO URBANO<\/strong><\/p><p>Existe todo tipo de mobiliario urbano, pero nosotros nos deedicamos al relacionado con la publicidad, presentes en la v\u00eda p\u00fablica, para uso de los viandantes<\/p><p>En Montajes Publicitarios le ofrecemos el servicio de montaje de mobiliario urbano de todo tipo, entre los que destacamos:<\/p><p>Mupis.<br \/>T\u00f3tems.<br \/>Marquesinas.<br \/>Carteles.<br \/>Columnas publicitarias<br \/>Paradas de autob\u00fas<br \/>Kioscos.<br \/>Lonas Tensadas<\/p><p>\u00a0<\/p>\t\t\t\t\t\t<\/div>\n\t\t\t\t<\/div>\n\t\t\t\t\t<\/div>\n\t\t<\/div>\n\t\t\t\t\t<\/div>\n\t\t<\/section>\n\t\t\t\t<section class=\"elementor-section elementor-top-section elementor-element elementor-element-b9cbd2c elementor-section-boxed elementor-section-height-default elementor-section-height-default\" data-id=\"b9cbd2c\" data-element_type=\"section\">\n\t\t\t\t\t\t<div class=\"elementor-container elementor-column-gap-default\">\n\t\t\t\t\t<div class=\"elementor-column elementor-col-100 elementor-top-column elementor-element elementor-element-306778b\" data-id=\"306778b\" data-element_type=\"column\">\n\t\t\t<div class=\"elementor-widget-wrap elementor-element-populated\">\n\t\t\t\t\t\t<div class=\"elementor-element elementor-element-0235fa6 elementor-widget elementor-widget-text-editor\" data-id=\"0235fa6\" data-element_type=\"widget\" data-widget_type=\"text-editor.default\">\n\t\t\t\t<div class=\"elementor-widget-container\">\n\t\t\t\t\t\t\t<p><strong>MANTENIMIENTO DE MOBILIARIO URBANO<\/strong><\/p><p>Tambi\u00e9n ofrecemos el servicio de mantenimiento del mobiliario urbano instalado.Retiramos los elementos a recuperar a nuestras instalaciones y se vuelven a instalar en su lugar original o en el lugar indicado por el cliente, una vez debidamente restaurados.<\/p><p>Realizamos el mantenimiento del mobiliario urbano, papeleras, jardineras, bancos, vallados\u2026, procurando siempre que est\u00e9 en las mejores condiciones siempre y ante todo garantizando la total seguridad en el uso de los mismos.<\/p>\t\t\t\t\t\t<\/div>\n\t\t\t\t<\/div>\n\t\t\t\t\t<\/div>\n\t\t<\/div>\n\t\t\t\t\t<\/div>\n\t\t<\/section>\n\t\t\t\t<\/div>\n\t\t","protected":false},"excerpt":{"rendered":"<p>En Montajes Publicitarios somos conscientes de que el Mobiliario Urbano no depende \u00fanicamente del coste o los materiales. Algo muy importante que no todos los fabricantes analizan es el montaje de mobiliario.&nbsp;Para los montajes de mobiliario urbano existen &nbsp;3 sencillos m\u00e9todos de instalaci\u00f3n:&nbsp;M\u00f3vil&nbsp;Muchos proyectos requieren que el mobiliario urbano pueda moverse con facilidad, por lo&hellip; <br \/> <a class=\"read-more\" href=\"https:\/\/montajespublicitarios.net\/index.php\/instalacion-de-mobiliario-urbano\/\">Leer m\u00e1s<\/a><\/p>\n","protected":false},"author":1,"featured_media":0,"parent":0,"menu_order":0,"comment_status":"closed","ping_status":"closed","template":"","meta":{"footnotes":""},"class_list":["post-313","page","type-page","status-publish","hentry"],"aioseo_notices":[],"_links":{"self":[{"href":"https:\/\/montajespublicitarios.net\/index.php\/wp-json\/wp\/v2\/pages\/313","targetHints":{"allow":["GET"]}}],"collection":[{"href":"https:\/\/montajespublicitarios.net\/index.php\/wp-json\/wp\/v2\/pages"}],"about":[{"href":"https:\/\/montajespublicitarios.net\/index.php\/wp-json\/wp\/v2\/types\/page"}],"author":[{"embeddable":true,"href":"https:\/\/montajespublicitarios.net\/index.php\/wp-json\/wp\/v2\/users\/1"}],"replies":[{"embeddable":true,"href":"https:\/\/montajespublicitarios.net\/index.php\/wp-json\/wp\/v2\/comments?post=313"}],"version-history":[{"count":8,"href":"https:\/\/montajespublicitarios.net\/index.php\/wp-json\/wp\/v2\/pages\/313\/revisions"}],"predecessor-version":[{"id":323,"href":"https:\/\/montajespublicitarios.net\/index.php\/wp-json\/wp\/v2\/pages\/313\/revisions\/323"}],"wp:attachment":[{"href":"https:\/\/montajespublicitarios.net\/index.php\/wp-json\/wp\/v2\/media?parent=313"}],"curies":[{"name":"wp","href":"https:\/\/api.w.org\/{rel}","templated":true}]}}