{"id":348,"date":"2022-07-06T18:54:24","date_gmt":"2022-07-06T18:54:24","guid":{"rendered":"https:\/\/montajespublicitarios.net\/?page_id=348"},"modified":"2022-07-06T19:11:39","modified_gmt":"2022-07-06T19:11:39","slug":"mantenimiento-de-soportes-publicitarios","status":"publish","type":"page","link":"https:\/\/montajespublicitarios.net\/index.php\/mantenimiento-de-soportes-publicitarios\/","title":{"rendered":"Mantenimiento de Soportes Publicitarios"},"content":{"rendered":"\t\t<div data-elementor-type=\"wp-page\" data-elementor-id=\"348\" class=\"elementor elementor-348\">\n\t\t\t\t\t\t<section class=\"elementor-section elementor-top-section elementor-element elementor-element-118bb40 elementor-section-full_width elementor-section-content-middle elementor-section-height-default elementor-section-height-default\" data-id=\"118bb40\" data-element_type=\"section\">\n\t\t\t\t\t\t<div class=\"elementor-container elementor-column-gap-no\">\n\t\t\t\t\t<div class=\"elementor-column elementor-col-50 elementor-top-column elementor-element elementor-element-753f35ec\" data-id=\"753f35ec\" data-element_type=\"column\" data-settings=\"{&quot;background_background&quot;:&quot;classic&quot;}\">\n\t\t\t<div class=\"elementor-widget-wrap elementor-element-populated\">\n\t\t\t\t\t<div class=\"elementor-background-overlay\"><\/div>\n\t\t\t\t\t\t\t<\/div>\n\t\t<\/div>\n\t\t\t\t<div class=\"elementor-column elementor-col-50 elementor-top-column elementor-element elementor-element-7da1307\" data-id=\"7da1307\" data-element_type=\"column\">\n\t\t\t<div class=\"elementor-widget-wrap elementor-element-populated\">\n\t\t\t\t\t\t<div class=\"elementor-element elementor-element-1bce7c76 elementor-widget elementor-widget-text-editor\" data-id=\"1bce7c76\" data-element_type=\"widget\" data-widget_type=\"text-editor.default\">\n\t\t\t\t<div class=\"elementor-widget-container\">\n\t\t\t\t\t\t\t<p>Disponemos de un servicio de Mantenimiento de Monopostes y otros soportes publicitarios para conservarlo en perfecto estado.<\/p>\t\t\t\t\t\t<\/div>\n\t\t\t\t<\/div>\n\t\t\t\t<div class=\"elementor-element elementor-element-53615a23 elementor-widget elementor-widget-text-editor\" data-id=\"53615a23\" data-element_type=\"widget\" data-widget_type=\"text-editor.default\">\n\t\t\t\t<div class=\"elementor-widget-container\">\n\t\t\t\t\t\t\t<p>El servicio incluye:<\/p><ul><li>Revisi\u00f3n torniller\u00eda general.<\/li><li>Revisi\u00f3n de estado de soldaduras en general.<\/li><li>Revisi\u00f3n de paneles y \u00e1ngulos.<\/li><li>Revisi\u00f3n de la instalaci\u00f3n el\u00e9ctrica, conexiones de luz y sujeci\u00f3n de brazos telesc\u00f3picos.<\/li><li>Revisi\u00f3n de trampillas de acceso a plataforma.<\/li><li>Revisi\u00f3n de \u00f3xido.<\/li><li>Repintado de las zonas deterioradas del soporte.<\/li><li>Comprobaci\u00f3n de niveles.<\/li><li>Soldadura de cualquier elemento deteriorado.<\/li><li>Alquiler de medios t\u00e9cnicos.<\/li><li>Realizaci\u00f3n de ficha t\u00e9cnica de los trabajos.<\/li><li>Entrega de dosier fotogr\u00e1fico del antes y despu\u00e9s.<\/li><li>Entrega de informe de garant\u00eda de revisi\u00f3n.<\/li><li>Sello de calidad con fecha de revisi\u00f3n.<\/li><\/ul>\t\t\t\t\t\t<\/div>\n\t\t\t\t<\/div>\n\t\t\t\t\t<\/div>\n\t\t<\/div>\n\t\t\t\t\t<\/div>\n\t\t<\/section>\n\t\t\t\t<\/div>\n\t\t","protected":false},"excerpt":{"rendered":"<p>Disponemos de un servicio de Mantenimiento de Monopostes y otros soportes publicitarios para conservarlo en perfecto estado. El servicio incluye: Revisi\u00f3n torniller\u00eda general. Revisi\u00f3n de estado de soldaduras en general. Revisi\u00f3n de paneles y \u00e1ngulos. Revisi\u00f3n de la instalaci\u00f3n el\u00e9ctrica, conexiones de luz y sujeci\u00f3n de brazos telesc\u00f3picos. Revisi\u00f3n de trampillas de acceso a plataforma.&hellip; <br \/> <a class=\"read-more\" href=\"https:\/\/montajespublicitarios.net\/index.php\/mantenimiento-de-soportes-publicitarios\/\">Leer m\u00e1s<\/a><\/p>\n","protected":false},"author":1,"featured_media":0,"parent":0,"menu_order":0,"comment_status":"closed","ping_status":"closed","template":"","meta":{"footnotes":""},"class_list":["post-348","page","type-page","status-publish","hentry"],"aioseo_notices":[],"_links":{"self":[{"href":"https:\/\/montajespublicitarios.net\/index.php\/wp-json\/wp\/v2\/pages\/348","targetHints":{"allow":["GET"]}}],"collection":[{"href":"https:\/\/montajespublicitarios.net\/index.php\/wp-json\/wp\/v2\/pages"}],"about":[{"href":"https:\/\/montajespublicitarios.net\/index.php\/wp-json\/wp\/v2\/types\/page"}],"author":[{"embeddable":true,"href":"https:\/\/montajespublicitarios.net\/index.php\/wp-json\/wp\/v2\/users\/1"}],"replies":[{"embeddable":true,"href":"https:\/\/montajespublicitarios.net\/index.php\/wp-json\/wp\/v2\/comments?post=348"}],"version-history":[{"count":6,"href":"https:\/\/montajespublicitarios.net\/index.php\/wp-json\/wp\/v2\/pages\/348\/revisions"}],"predecessor-version":[{"id":356,"href":"https:\/\/montajespublicitarios.net\/index.php\/wp-json\/wp\/v2\/pages\/348\/revisions\/356"}],"wp:attachment":[{"href":"https:\/\/montajespublicitarios.net\/index.php\/wp-json\/wp\/v2\/media?parent=348"}],"curies":[{"name":"wp","href":"https:\/\/api.w.org\/{rel}","templated":true}]}}