{"id":357,"date":"2022-07-06T19:12:15","date_gmt":"2022-07-06T19:12:15","guid":{"rendered":"https:\/\/montajespublicitarios.net\/?page_id=357"},"modified":"2022-07-06T19:14:44","modified_gmt":"2022-07-06T19:14:44","slug":"cambio-de-iluminacion-a-led","status":"publish","type":"page","link":"https:\/\/montajespublicitarios.net\/index.php\/cambio-de-iluminacion-a-led\/","title":{"rendered":"Cambio de iluminaci\u00f3n a LED"},"content":{"rendered":"\t\t<div data-elementor-type=\"wp-page\" data-elementor-id=\"357\" class=\"elementor elementor-357\">\n\t\t\t\t\t\t<section class=\"elementor-section elementor-top-section elementor-element elementor-element-118bb40 elementor-section-full_width elementor-section-content-middle elementor-section-height-default elementor-section-height-default\" data-id=\"118bb40\" data-element_type=\"section\">\n\t\t\t\t\t\t<div class=\"elementor-container elementor-column-gap-no\">\n\t\t\t\t\t<div class=\"elementor-column elementor-col-50 elementor-top-column elementor-element elementor-element-753f35ec\" data-id=\"753f35ec\" data-element_type=\"column\" data-settings=\"{&quot;background_background&quot;:&quot;classic&quot;}\">\n\t\t\t<div class=\"elementor-widget-wrap elementor-element-populated\">\n\t\t\t\t\t<div class=\"elementor-background-overlay\"><\/div>\n\t\t\t\t\t\t\t<\/div>\n\t\t<\/div>\n\t\t\t\t<div class=\"elementor-column elementor-col-50 elementor-top-column elementor-element elementor-element-7da1307\" data-id=\"7da1307\" data-element_type=\"column\">\n\t\t\t<div class=\"elementor-widget-wrap elementor-element-populated\">\n\t\t\t\t\t\t<div class=\"elementor-element elementor-element-1bce7c76 elementor-widget elementor-widget-text-editor\" data-id=\"1bce7c76\" data-element_type=\"widget\" data-widget_type=\"text-editor.default\">\n\t\t\t\t<div class=\"elementor-widget-container\">\n\t\t\t\t\t\t\t<p>La decoraci\u00f3n con luces LED se ha vuelto una gran tendencia, tanto por motivos est\u00e9ticos como por econ\u00f3micos.<\/p>\t\t\t\t\t\t<\/div>\n\t\t\t\t<\/div>\n\t\t\t\t<div class=\"elementor-element elementor-element-53615a23 elementor-widget elementor-widget-text-editor\" data-id=\"53615a23\" data-element_type=\"widget\" data-widget_type=\"text-editor.default\">\n\t\t\t\t<div class=\"elementor-widget-container\">\n\t\t\t\t\t\t\t<p>El ahorro de factura de una iluminaci\u00f3n LED frente a la de ne\u00f3n o de otro tipo puede ser de hasta un 80%.Las luces LED se han estado utilizando en los \u00faltimos a\u00f1os para iluminar todo tipo de soportes publicitarios. Se ha convertido en un recurso decorativo que ofrece una gran cantidad de posibilidades.<\/p><p>Para nosotros es una prioridad ofrecer esta posibilidad a nuestros clientes. El perfecto equilibrio entre dise\u00f1o y cantidad de luz que recibe un soporte publicitario influye de manera notable el modo en que \u00e9ste se percibe. Hay que planificar con todo detalle las fuentes de luz, para obtener un efecto \u00f3ptimo Disponemos de un amplio cat\u00e1logo lleno de posibilidades de iluminaci\u00f3n LED, una soluci\u00f3n eficiente y f\u00e1cil de instalar, sea cual sea el tipo de soporte publicitario a iluminar. Proponemos soluciones profesionales para que resalten sus soportes publicitarios, con un gran ahorro energ\u00e9tico.<\/p>\t\t\t\t\t\t<\/div>\n\t\t\t\t<\/div>\n\t\t\t\t\t<\/div>\n\t\t<\/div>\n\t\t\t\t\t<\/div>\n\t\t<\/section>\n\t\t\t\t<\/div>\n\t\t","protected":false},"excerpt":{"rendered":"<p>La decoraci\u00f3n con luces LED se ha vuelto una gran tendencia, tanto por motivos est\u00e9ticos como por econ\u00f3micos. El ahorro de factura de una iluminaci\u00f3n LED frente a la de ne\u00f3n o de otro tipo puede ser de hasta un 80%.Las luces LED se han estado utilizando en los \u00faltimos a\u00f1os para iluminar todo tipo&hellip; <br \/> <a class=\"read-more\" href=\"https:\/\/montajespublicitarios.net\/index.php\/cambio-de-iluminacion-a-led\/\">Leer m\u00e1s<\/a><\/p>\n","protected":false},"author":1,"featured_media":0,"parent":0,"menu_order":0,"comment_status":"closed","ping_status":"closed","template":"","meta":{"footnotes":""},"class_list":["post-357","page","type-page","status-publish","hentry"],"aioseo_notices":[],"_links":{"self":[{"href":"https:\/\/montajespublicitarios.net\/index.php\/wp-json\/wp\/v2\/pages\/357","targetHints":{"allow":["GET"]}}],"collection":[{"href":"https:\/\/montajespublicitarios.net\/index.php\/wp-json\/wp\/v2\/pages"}],"about":[{"href":"https:\/\/montajespublicitarios.net\/index.php\/wp-json\/wp\/v2\/types\/page"}],"author":[{"embeddable":true,"href":"https:\/\/montajespublicitarios.net\/index.php\/wp-json\/wp\/v2\/users\/1"}],"replies":[{"embeddable":true,"href":"https:\/\/montajespublicitarios.net\/index.php\/wp-json\/wp\/v2\/comments?post=357"}],"version-history":[{"count":5,"href":"https:\/\/montajespublicitarios.net\/index.php\/wp-json\/wp\/v2\/pages\/357\/revisions"}],"predecessor-version":[{"id":363,"href":"https:\/\/montajespublicitarios.net\/index.php\/wp-json\/wp\/v2\/pages\/357\/revisions\/363"}],"wp:attachment":[{"href":"https:\/\/montajespublicitarios.net\/index.php\/wp-json\/wp\/v2\/media?parent=357"}],"curies":[{"name":"wp","href":"https:\/\/api.w.org\/{rel}","templated":true}]}}