{"id":376,"date":"2022-10-24T18:02:39","date_gmt":"2022-10-24T18:02:39","guid":{"rendered":"https:\/\/montajespublicitarios.net\/?page_id=376"},"modified":"2022-10-24T18:31:09","modified_gmt":"2022-10-24T18:31:09","slug":"mantenimiento-de-centros-comerciales","status":"publish","type":"page","link":"https:\/\/montajespublicitarios.net\/index.php\/mantenimiento-de-centros-comerciales\/","title":{"rendered":"MANTENIMIENTO DE CENTROS COMERCIALES"},"content":{"rendered":"\t\t<div data-elementor-type=\"wp-page\" data-elementor-id=\"376\" class=\"elementor elementor-376\">\n\t\t\t\t\t\t<section class=\"elementor-section elementor-top-section elementor-element elementor-element-118bb40 elementor-section-full_width elementor-section-content-middle elementor-section-height-default elementor-section-height-default\" data-id=\"118bb40\" data-element_type=\"section\">\n\t\t\t\t\t\t<div class=\"elementor-container elementor-column-gap-no\">\n\t\t\t\t\t<div class=\"elementor-column elementor-col-50 elementor-top-column elementor-element elementor-element-753f35ec\" data-id=\"753f35ec\" data-element_type=\"column\" data-settings=\"{&quot;background_background&quot;:&quot;classic&quot;}\">\n\t\t\t<div class=\"elementor-widget-wrap elementor-element-populated\">\n\t\t\t\t\t<div class=\"elementor-background-overlay\"><\/div>\n\t\t\t\t\t\t\t<\/div>\n\t\t<\/div>\n\t\t\t\t<div class=\"elementor-column elementor-col-50 elementor-top-column elementor-element elementor-element-7da1307\" data-id=\"7da1307\" data-element_type=\"column\">\n\t\t\t<div class=\"elementor-widget-wrap elementor-element-populated\">\n\t\t\t\t\t\t<div class=\"elementor-element elementor-element-1bce7c76 elementor-widget elementor-widget-text-editor\" data-id=\"1bce7c76\" data-element_type=\"widget\" data-widget_type=\"text-editor.default\">\n\t\t\t\t<div class=\"elementor-widget-container\">\n\t\t\t\t\t\t\t<p>El mantenimiento de centros comerciales es algo sumamente importante. Hay que tener muy en cuenta los distintos soportes de publicidad que se usan.<\/p>\t\t\t\t\t\t<\/div>\n\t\t\t\t<\/div>\n\t\t\t\t<div class=\"elementor-element elementor-element-53615a23 elementor-widget elementor-widget-text-editor\" data-id=\"53615a23\" data-element_type=\"widget\" data-widget_type=\"text-editor.default\">\n\t\t\t\t<div class=\"elementor-widget-container\">\n\t\t\t\t\t\t\t<p>Conocemos la din\u00e1mica y funcionamiento de los centros comerciales y nos adaptamos a los horarios y procesos de trabajo m\u00e1s c\u00f3modos para tu centro, con el fin de que sus tiendas funcionen con la mayor normalidad posible y tratando de causar las menores molestias al funcionamiento de los centros o supermercados.<\/p><p>Nuestros especialistas est\u00e1n disponibles las 24 horas del d\u00eda para atender cualquier imprevisto que pueda ocurrir y brindarle la seguridad de los mejores resultados en el mantenimiento de centros comerciales.<\/p><p>Contamos con t\u00e9cnicos especialistas en diversos oficios, lo que nos permite evitar p\u00e9rdidas de tiempo innecesarias en trabajos complejos que requieren la m\u00e1xima coordinaci\u00f3n.<\/p><p>Utilizamos las soluciones m\u00e1s adecuadas para resolver sus problemas.<\/p><p>Contamos con un amplio abanico de colaboradores, con los que hemos trabajado en m\u00faltiples ocasiones ya los que respondemos con certeza y total confianza.<\/p><p>Contamos con un gran n\u00famero de Centros comerciales a los que realizamos el mantenimiento.<\/p>\t\t\t\t\t\t<\/div>\n\t\t\t\t<\/div>\n\t\t\t\t\t<\/div>\n\t\t<\/div>\n\t\t\t\t\t<\/div>\n\t\t<\/section>\n\t\t\t\t<section class=\"elementor-section elementor-top-section elementor-element elementor-element-2daa0bc elementor-section-boxed elementor-section-height-default elementor-section-height-default\" data-id=\"2daa0bc\" data-element_type=\"section\">\n\t\t\t\t\t\t<div class=\"elementor-container elementor-column-gap-default\">\n\t\t\t\t\t<div class=\"elementor-column elementor-col-33 elementor-top-column elementor-element elementor-element-be1a038\" data-id=\"be1a038\" data-element_type=\"column\">\n\t\t\t<div class=\"elementor-widget-wrap elementor-element-populated\">\n\t\t\t\t\t\t<div class=\"elementor-element elementor-element-597cd2e elementor-widget elementor-widget-image\" data-id=\"597cd2e\" data-element_type=\"widget\" data-widget_type=\"image.default\">\n\t\t\t\t<div class=\"elementor-widget-container\">\n\t\t\t\t\t\t\t\t\t\t\t\t\t<img fetchpriority=\"high\" decoding=\"async\" width=\"572\" height=\"711\" src=\"https:\/\/montajespublicitarios.net\/wp-content\/uploads\/2022\/10\/mantenimiento-centros-comerciales-245.jpg\" class=\"attachment-large size-large wp-image-382\" alt=\"\" srcset=\"https:\/\/montajespublicitarios.net\/wp-content\/uploads\/2022\/10\/mantenimiento-centros-comerciales-245.jpg 572w, https:\/\/montajespublicitarios.net\/wp-content\/uploads\/2022\/10\/mantenimiento-centros-comerciales-245-241x300.jpg 241w\" sizes=\"(max-width: 572px) 100vw, 572px\" \/>\t\t\t\t\t\t\t\t\t\t\t\t\t<\/div>\n\t\t\t\t<\/div>\n\t\t\t\t\t<\/div>\n\t\t<\/div>\n\t\t\t\t<div class=\"elementor-column elementor-col-66 elementor-top-column elementor-element elementor-element-2f0b0ca\" data-id=\"2f0b0ca\" data-element_type=\"column\">\n\t\t\t<div class=\"elementor-widget-wrap elementor-element-populated\">\n\t\t\t\t\t\t<div class=\"elementor-element elementor-element-a9422e2 elementor-widget elementor-widget-text-editor\" data-id=\"a9422e2\" data-element_type=\"widget\" data-widget_type=\"text-editor.default\">\n\t\t\t\t<div class=\"elementor-widget-container\">\n\t\t\t\t\t\t\t<p><strong>Servicios de mantenimiento de centros comerciales.<\/strong><\/p><p>Mantenimiento de carteler\u00eda y soportes de exterior;<\/p><p>Mantenimiento de carteler\u00eda y soportes de interior;<\/p><p>Mantenimiento de pantallas e iluminaci\u00f3n LED;<\/p><p>Rotulaci\u00f3n exterior e interior;<\/p><p>Se\u00f1alizaci\u00f3n;<\/p><p>Carteler\u00eda direccional suspendida en el techo;<\/p><p>R\u00f3tulos abatibles de lona tensada y retroiluminada LED;<\/p><p>Placas de metacrilato;<\/p><p>Se\u00f1alizaci\u00f3n lum\u00ednica;<\/p><p>T\u00f3tems y monolitos;<\/p><p>Se\u00f1alizaci\u00f3n de parking y estacionamiento.<\/p>\t\t\t\t\t\t<\/div>\n\t\t\t\t<\/div>\n\t\t\t\t\t<\/div>\n\t\t<\/div>\n\t\t\t\t\t<\/div>\n\t\t<\/section>\n\t\t\t\t<section class=\"elementor-section elementor-top-section elementor-element elementor-element-dd72c5f elementor-section-boxed elementor-section-height-default elementor-section-height-default\" data-id=\"dd72c5f\" data-element_type=\"section\">\n\t\t\t\t\t\t<div class=\"elementor-container elementor-column-gap-default\">\n\t\t\t\t\t<div class=\"elementor-column elementor-col-100 elementor-top-column elementor-element elementor-element-88c5fd4\" data-id=\"88c5fd4\" data-element_type=\"column\">\n\t\t\t<div class=\"elementor-widget-wrap elementor-element-populated\">\n\t\t\t\t\t\t<div class=\"elementor-element elementor-element-21c8ce2 elementor-widget elementor-widget-heading\" data-id=\"21c8ce2\" data-element_type=\"widget\" data-widget_type=\"heading.default\">\n\t\t\t\t<div class=\"elementor-widget-container\">\n\t\t\t<h2 class=\"elementor-heading-title elementor-size-default\">Beneficios del mantenimiento de centros comerciales:<\/h2>\t\t<\/div>\n\t\t\t\t<\/div>\n\t\t\t\t\t<\/div>\n\t\t<\/div>\n\t\t\t\t\t<\/div>\n\t\t<\/section>\n\t\t\t\t<section class=\"elementor-section elementor-top-section elementor-element elementor-element-43dde0b elementor-section-boxed elementor-section-height-default elementor-section-height-default\" data-id=\"43dde0b\" data-element_type=\"section\">\n\t\t\t\t\t\t<div class=\"elementor-container elementor-column-gap-default\">\n\t\t\t\t\t<div class=\"elementor-column elementor-col-100 elementor-top-column elementor-element elementor-element-176c49e\" data-id=\"176c49e\" data-element_type=\"column\">\n\t\t\t<div class=\"elementor-widget-wrap elementor-element-populated\">\n\t\t\t\t\t\t<div class=\"elementor-element elementor-element-a8409ec elementor-widget elementor-widget-text-editor\" data-id=\"a8409ec\" data-element_type=\"widget\" data-widget_type=\"text-editor.default\">\n\t\t\t\t<div class=\"elementor-widget-container\">\n\t\t\t\t\t\t\t<p>Dentro de los muchos beneficios que tiene el aplicar un mantenimiento as\u00ed se encuentran:<\/p><p><u>Durabilidad<\/u>: cuando se aplica un mantenimiento adecuado se alarga la vida \u00fatil el propio r\u00f3tulo con lo cual podr\u00e1 utilizarse por mucho m\u00e1s tiempo. En caso de no realizarlo, hay algunos r\u00f3tulos que podr\u00edan llegar a sufrir un da\u00f1o irreparable, por eso es que hay que tener en cuenta la durabilidad, para que la inversi\u00f3n valga la pena.<\/p><p><u>Sustituci\u00f3n de materiales<\/u>: en ocasiones, durante el mantenimiento se nota que hay alguna pieza que est\u00e1 gastada o que tiene un problema espec\u00edfico y que por ende necesita de un cambio. Esta sustituci\u00f3n la pueden realizar perfectamente cualquier tipo de profesional para que el r\u00f3tulo se siga manteniendo en las mismas condiciones.<\/p><p><u>Limpieza<\/u>: la limpieza que se le de al r\u00f3tulo es fundamental y es lo que permite que se siga viendo igual desde cualquier punto de vista. Cuando se tiene un r\u00f3tulo exterior, esta limpieza se debe de hacer con frecuencia ya que es normal por ejemplo que quede el excremento de los p\u00e1jaros, que haya acumulaci\u00f3n de polvo, entre otros. El uso de desinfectantes es la gran clave para esta limpieza.<\/p><p><u>Luces LED<\/u>: si tienes un r\u00f3tulo luminoso, es fundamental que se decida por un tipo de iluminaci\u00f3n que tenga larga duraci\u00f3n como lo son las luces LED. Esto har\u00e1 que no se tenga que estar cambiando continuamente las luces y que por ende el mantenimiento sea mucho m\u00e1s sencillo, adem\u00e1s de cuidar en todo momento el medioambiente.<\/p><p>En montajes publicitarios somos <em>expertos en el mantenimiento de cetros comerciales<\/em>.<\/p>\t\t\t\t\t\t<\/div>\n\t\t\t\t<\/div>\n\t\t\t\t\t<\/div>\n\t\t<\/div>\n\t\t\t\t\t<\/div>\n\t\t<\/section>\n\t\t\t\t<\/div>\n\t\t","protected":false},"excerpt":{"rendered":"<p>El mantenimiento de centros comerciales es algo sumamente importante. Hay que tener muy en cuenta los distintos soportes de publicidad que se usan. Conocemos la din\u00e1mica y funcionamiento de los centros comerciales y nos adaptamos a los horarios y procesos de trabajo m\u00e1s c\u00f3modos para tu centro, con el fin de que sus tiendas funcionen&hellip; <br \/> <a class=\"read-more\" href=\"https:\/\/montajespublicitarios.net\/index.php\/mantenimiento-de-centros-comerciales\/\">Leer m\u00e1s<\/a><\/p>\n","protected":false},"author":1,"featured_media":0,"parent":0,"menu_order":0,"comment_status":"closed","ping_status":"closed","template":"","meta":{"footnotes":""},"class_list":["post-376","page","type-page","status-publish","hentry"],"aioseo_notices":[],"_links":{"self":[{"href":"https:\/\/montajespublicitarios.net\/index.php\/wp-json\/wp\/v2\/pages\/376","targetHints":{"allow":["GET"]}}],"collection":[{"href":"https:\/\/montajespublicitarios.net\/index.php\/wp-json\/wp\/v2\/pages"}],"about":[{"href":"https:\/\/montajespublicitarios.net\/index.php\/wp-json\/wp\/v2\/types\/page"}],"author":[{"embeddable":true,"href":"https:\/\/montajespublicitarios.net\/index.php\/wp-json\/wp\/v2\/users\/1"}],"replies":[{"embeddable":true,"href":"https:\/\/montajespublicitarios.net\/index.php\/wp-json\/wp\/v2\/comments?post=376"}],"version-history":[{"count":10,"href":"https:\/\/montajespublicitarios.net\/index.php\/wp-json\/wp\/v2\/pages\/376\/revisions"}],"predecessor-version":[{"id":388,"href":"https:\/\/montajespublicitarios.net\/index.php\/wp-json\/wp\/v2\/pages\/376\/revisions\/388"}],"wp:attachment":[{"href":"https:\/\/montajespublicitarios.net\/index.php\/wp-json\/wp\/v2\/media?parent=376"}],"curies":[{"name":"wp","href":"https:\/\/api.w.org\/{rel}","templated":true}]}}