{"id":414,"date":"2023-05-03T10:40:55","date_gmt":"2023-05-03T10:40:55","guid":{"rendered":"https:\/\/montajespublicitarios.net\/?page_id=414"},"modified":"2023-05-03T11:08:35","modified_gmt":"2023-05-03T11:08:35","slug":"reparacion-de-monopostes","status":"publish","type":"page","link":"https:\/\/montajespublicitarios.net\/index.php\/reparacion-de-monopostes\/","title":{"rendered":"Reparaci\u00f3n de monopostes"},"content":{"rendered":"\t\t<div data-elementor-type=\"wp-page\" data-elementor-id=\"414\" class=\"elementor elementor-414\">\n\t\t\t\t\t\t<section class=\"elementor-section elementor-top-section elementor-element elementor-element-118bb40 elementor-section-full_width elementor-section-content-middle elementor-section-height-default elementor-section-height-default\" data-id=\"118bb40\" data-element_type=\"section\">\n\t\t\t\t\t\t<div class=\"elementor-container elementor-column-gap-no\">\n\t\t\t\t\t<div class=\"elementor-column elementor-col-50 elementor-top-column elementor-element elementor-element-753f35ec\" data-id=\"753f35ec\" data-element_type=\"column\" data-settings=\"{&quot;background_background&quot;:&quot;classic&quot;}\">\n\t\t\t<div class=\"elementor-widget-wrap elementor-element-populated\">\n\t\t\t\t\t<div class=\"elementor-background-overlay\"><\/div>\n\t\t\t\t\t\t\t<\/div>\n\t\t<\/div>\n\t\t\t\t<div class=\"elementor-column elementor-col-50 elementor-top-column elementor-element elementor-element-7da1307\" data-id=\"7da1307\" data-element_type=\"column\">\n\t\t\t<div class=\"elementor-widget-wrap elementor-element-populated\">\n\t\t\t\t\t\t<div class=\"elementor-element elementor-element-1bce7c76 elementor-widget elementor-widget-text-editor\" data-id=\"1bce7c76\" data-element_type=\"widget\" data-widget_type=\"text-editor.default\">\n\t\t\t\t<div class=\"elementor-widget-container\">\n\t\t\t\t\t\t\t<p>Servicio de reparaci\u00f3n de monopostes en todo el territorio nacional para todo tipo de empresas, f\u00e1bricas y comercios. Disponemos de equipos de montaje en todo el territorio nacional.<\/p>\t\t\t\t\t\t<\/div>\n\t\t\t\t<\/div>\n\t\t\t\t<div class=\"elementor-element elementor-element-53615a23 elementor-widget elementor-widget-text-editor\" data-id=\"53615a23\" data-element_type=\"widget\" data-widget_type=\"text-editor.default\">\n\t\t\t\t<div class=\"elementor-widget-container\">\n\t\t\t\t\t\t\t<p>La reparaci\u00f3n de monopostes es una tarea importante para mantener y proteger la seguridad de los usuarios de la v\u00eda p\u00fablica. Los monopostes se usan com\u00fanmente para se\u00f1alizar y delimitar \u00e1reas peligrosas, y para prevenir el tr\u00e1fico a ciertas \u00e1reas. Por lo tanto, es necesario que los monopostes se mantengan en buen estado para asegurar la seguridad de los peatones y los conductores que transitan por la zona.<\/p><p>Los trabajos de reparaci\u00f3n de monopostes pueden variar desde la simple reparaci\u00f3n de la estructura, hasta la sustituci\u00f3n de la se\u00f1alizaci\u00f3n. Si los monopostes est\u00e1n da\u00f1ados, pueden ser reemplazados por uno nuevo. Esto se hace para asegurar que la se\u00f1alizaci\u00f3n sea clara y legible para los usuarios de la v\u00eda p\u00fablica. Adem\u00e1s, los trabajos de reparaci\u00f3n tambi\u00e9n incluyen la pintura y la limpieza general de los monopostes.<\/p><p>Los monopostes deben estar siempre en buen estado para evitar accidentes. Por lo tanto, es importante que los trabajos de reparaci\u00f3n de monopostes sean realizados con precisi\u00f3n y cuidado. Esto garantizar\u00e1 que los usuarios de la v\u00eda p\u00fablica est\u00e9n seguros y que la se\u00f1alizaci\u00f3n sea clara y legible.<\/p>\t\t\t\t\t\t<\/div>\n\t\t\t\t<\/div>\n\t\t\t\t\t<\/div>\n\t\t<\/div>\n\t\t\t\t\t<\/div>\n\t\t<\/section>\n\t\t\t\t<section class=\"elementor-section elementor-top-section elementor-element elementor-element-ea0942a elementor-section-boxed elementor-section-height-default elementor-section-height-default\" data-id=\"ea0942a\" data-element_type=\"section\">\n\t\t\t\t\t\t<div class=\"elementor-container elementor-column-gap-default\">\n\t\t\t\t\t<div class=\"elementor-column elementor-col-100 elementor-top-column elementor-element elementor-element-63e2721\" data-id=\"63e2721\" data-element_type=\"column\">\n\t\t\t<div class=\"elementor-widget-wrap elementor-element-populated\">\n\t\t\t\t\t\t<div class=\"elementor-element elementor-element-9001055 elementor-widget elementor-widget-heading\" data-id=\"9001055\" data-element_type=\"widget\" data-widget_type=\"heading.default\">\n\t\t\t\t<div class=\"elementor-widget-container\">\n\t\t\t<h2 class=\"elementor-heading-title elementor-size-default\">Precio de la reparaci\u00f3n de monopostes<\/h2>\t\t<\/div>\n\t\t\t\t<\/div>\n\t\t\t\t\t<\/div>\n\t\t<\/div>\n\t\t\t\t\t<\/div>\n\t\t<\/section>\n\t\t\t\t<section class=\"elementor-section elementor-top-section elementor-element elementor-element-feb2eef elementor-section-boxed elementor-section-height-default elementor-section-height-default\" data-id=\"feb2eef\" data-element_type=\"section\">\n\t\t\t\t\t\t<div class=\"elementor-container elementor-column-gap-default\">\n\t\t\t\t\t<div class=\"elementor-column elementor-col-100 elementor-top-column elementor-element elementor-element-5e7e9af\" data-id=\"5e7e9af\" data-element_type=\"column\">\n\t\t\t<div class=\"elementor-widget-wrap elementor-element-populated\">\n\t\t\t\t\t\t<div class=\"elementor-element elementor-element-01be4d4 elementor-widget elementor-widget-text-editor\" data-id=\"01be4d4\" data-element_type=\"widget\" data-widget_type=\"text-editor.default\">\n\t\t\t\t<div class=\"elementor-widget-container\">\n\t\t\t\t\t\t\t<p>Los monopostes son una excelente forma de a\u00f1adir un toque de estilo y modernidad a un espacio, as\u00ed como de aumentar la seguridad. Sin embargo, algunas personas pueden encontrarse con la necesidad de reparar sus monopostes por diversas razones. Esto puede ser un proceso costoso, dependiendo del tipo de reparaci\u00f3n necesaria.<\/p><p>Los precios de reparaci\u00f3n de monopostes var\u00edan seg\u00fan el grado de da\u00f1o y el tipo de material. Las reparaciones m\u00e1s comunes se relacionan con el reemplazo de partes, como los soportes, los postes y los accesorios. Estas reparaciones generalmente se pueden llevar a cabo con un costo relativamente bajo.<\/p><p>Sin embargo, si el da\u00f1o es m\u00e1s grave, como el reemplazo de un poste o el redise\u00f1o de la estructura, los precios pueden ser mayores. Esto se debe a la necesidad de contratar a un profesional calificado para realizar el trabajo. El precio de la reparaci\u00f3n tambi\u00e9n puede variar seg\u00fan el tipo de material usado para fabricar el monoposte. Por lo tanto, es importante considerar esto al presupuestar la reparaci\u00f3n.<\/p><p>En general, la reparaci\u00f3n de monopostes puede ser un proceso costoso. Sin embargo, algunas empresas ofrecen precios flexibles para ayudar a los clientes a ahorrar dinero. Es importante consultar con los profesionales para obtener una estimaci\u00f3n precisa del costo de la reparaci\u00f3n. Esto ayudar\u00e1 a los clientes a presupuestar adecuadamente para el proyecto.<\/p>\t\t\t\t\t\t<\/div>\n\t\t\t\t<\/div>\n\t\t\t\t\t<\/div>\n\t\t<\/div>\n\t\t\t\t\t<\/div>\n\t\t<\/section>\n\t\t\t\t<\/div>\n\t\t","protected":false},"excerpt":{"rendered":"<p>Servicio de reparaci\u00f3n de monopostes en todo el territorio nacional para todo tipo de empresas, f\u00e1bricas y comercios. Disponemos de equipos de montaje en todo el territorio nacional. La reparaci\u00f3n de monopostes es una tarea importante para mantener y proteger la seguridad de los usuarios de la v\u00eda p\u00fablica. Los monopostes se usan com\u00fanmente para&hellip; <br \/> <a class=\"read-more\" href=\"https:\/\/montajespublicitarios.net\/index.php\/reparacion-de-monopostes\/\">Leer m\u00e1s<\/a><\/p>\n","protected":false},"author":1,"featured_media":0,"parent":0,"menu_order":0,"comment_status":"closed","ping_status":"closed","template":"","meta":{"footnotes":""},"class_list":["post-414","page","type-page","status-publish","hentry"],"aioseo_notices":[],"_links":{"self":[{"href":"https:\/\/montajespublicitarios.net\/index.php\/wp-json\/wp\/v2\/pages\/414","targetHints":{"allow":["GET"]}}],"collection":[{"href":"https:\/\/montajespublicitarios.net\/index.php\/wp-json\/wp\/v2\/pages"}],"about":[{"href":"https:\/\/montajespublicitarios.net\/index.php\/wp-json\/wp\/v2\/types\/page"}],"author":[{"embeddable":true,"href":"https:\/\/montajespublicitarios.net\/index.php\/wp-json\/wp\/v2\/users\/1"}],"replies":[{"embeddable":true,"href":"https:\/\/montajespublicitarios.net\/index.php\/wp-json\/wp\/v2\/comments?post=414"}],"version-history":[{"count":4,"href":"https:\/\/montajespublicitarios.net\/index.php\/wp-json\/wp\/v2\/pages\/414\/revisions"}],"predecessor-version":[{"id":424,"href":"https:\/\/montajespublicitarios.net\/index.php\/wp-json\/wp\/v2\/pages\/414\/revisions\/424"}],"wp:attachment":[{"href":"https:\/\/montajespublicitarios.net\/index.php\/wp-json\/wp\/v2\/media?parent=414"}],"curies":[{"name":"wp","href":"https:\/\/api.w.org\/{rel}","templated":true}]}}