{"id":416,"date":"2023-05-03T10:44:39","date_gmt":"2023-05-03T10:44:39","guid":{"rendered":"https:\/\/montajespublicitarios.net\/?page_id=416"},"modified":"2023-05-03T11:29:39","modified_gmt":"2023-05-03T11:29:39","slug":"desmontaje-de-monopostes","status":"publish","type":"page","link":"https:\/\/montajespublicitarios.net\/index.php\/desmontaje-de-monopostes\/","title":{"rendered":"Desmontaje de monopostes"},"content":{"rendered":"\t\t<div data-elementor-type=\"wp-page\" data-elementor-id=\"416\" class=\"elementor elementor-416\">\n\t\t\t\t\t\t<section class=\"elementor-section elementor-top-section elementor-element elementor-element-118bb40 elementor-section-full_width elementor-section-content-middle elementor-section-height-default elementor-section-height-default\" data-id=\"118bb40\" data-element_type=\"section\">\n\t\t\t\t\t\t<div class=\"elementor-container elementor-column-gap-no\">\n\t\t\t\t\t<div class=\"elementor-column elementor-col-50 elementor-top-column elementor-element elementor-element-753f35ec\" data-id=\"753f35ec\" data-element_type=\"column\" data-settings=\"{&quot;background_background&quot;:&quot;classic&quot;}\">\n\t\t\t<div class=\"elementor-widget-wrap elementor-element-populated\">\n\t\t\t\t\t<div class=\"elementor-background-overlay\"><\/div>\n\t\t\t\t\t\t\t<\/div>\n\t\t<\/div>\n\t\t\t\t<div class=\"elementor-column elementor-col-50 elementor-top-column elementor-element elementor-element-7da1307\" data-id=\"7da1307\" data-element_type=\"column\">\n\t\t\t<div class=\"elementor-widget-wrap elementor-element-populated\">\n\t\t\t\t\t\t<div class=\"elementor-element elementor-element-1bce7c76 elementor-widget elementor-widget-text-editor\" data-id=\"1bce7c76\" data-element_type=\"widget\" data-widget_type=\"text-editor.default\">\n\t\t\t\t<div class=\"elementor-widget-container\">\n\t\t\t\t\t\t\t<p>Servicio de desmontaje de\u00a0 monopostesen cualquier punto de Espa\u00f1a y Portugal, incluyendo Islas Baleares y Canarias.<\/p>\t\t\t\t\t\t<\/div>\n\t\t\t\t<\/div>\n\t\t\t\t<div class=\"elementor-element elementor-element-53615a23 elementor-widget elementor-widget-text-editor\" data-id=\"53615a23\" data-element_type=\"widget\" data-widget_type=\"text-editor.default\">\n\t\t\t\t<div class=\"elementor-widget-container\">\n\t\t\t\t\t\t\t<p>El desmontaje de monopostes es un proceso que implica el desmontaje, desmontaje y reemplazo de los postes de una estructura. Estos postes son com\u00fanmente utilizados para sostener l\u00edneas el\u00e9ctricas, luces de se\u00f1alizaci\u00f3n, postes de luz, se\u00f1ales de tr\u00e1fico y otros equipos. El proceso de desmontaje de monopostes involucra muchas tareas, incluyendo la identificaci\u00f3n de los postes, el desmontaje de los postes, el almacenamiento de los materiales y herramientas, el reemplazo de los postes y la instalaci\u00f3n de los nuevos postes.<\/p><p>Al desmontar los postes, uno debe primero identificar los postes y los materiales y herramientas necesarios para el desmontaje. Esto incluye el uso de herramientas tales como martillos, destornilladores, cizallas, alicates, llaves, poleas, sierras, etc. Tambi\u00e9n es importante asegurarse de que los postes est\u00e9n correctamente sujetos a la estructura para evitar el peligro de ca\u00eddas o da\u00f1os.<\/p><p>\u00a0<\/p>\t\t\t\t\t\t<\/div>\n\t\t\t\t<\/div>\n\t\t\t\t\t<\/div>\n\t\t<\/div>\n\t\t\t\t\t<\/div>\n\t\t<\/section>\n\t\t\t\t<section class=\"elementor-section elementor-top-section elementor-element elementor-element-07dfc33 elementor-section-boxed elementor-section-height-default elementor-section-height-default\" data-id=\"07dfc33\" data-element_type=\"section\">\n\t\t\t\t\t\t<div class=\"elementor-container elementor-column-gap-default\">\n\t\t\t\t\t<div class=\"elementor-column elementor-col-100 elementor-top-column elementor-element elementor-element-c8d0e01\" data-id=\"c8d0e01\" data-element_type=\"column\">\n\t\t\t<div class=\"elementor-widget-wrap elementor-element-populated\">\n\t\t\t\t\t\t<div class=\"elementor-element elementor-element-d07cb6d elementor-widget elementor-widget-text-editor\" data-id=\"d07cb6d\" data-element_type=\"widget\" data-widget_type=\"text-editor.default\">\n\t\t\t\t<div class=\"elementor-widget-container\">\n\t\t\t\t\t\t\t<p>Una vez que se haya identificado los postes y los materiales y herramientas necesarios, el trabajo de desmontaje comienza. Esto incluye el desmontaje de los postes y el almacenamiento de los materiales y herramientas en un lugar seguro. Tambi\u00e9n se deben tomar medidas de seguridad adicionales durante el desmontaje, tales como el uso de equipo de protecci\u00f3n personal, tales como gafas, guantes y ropa de trabajo.<\/p><p>Una vez que los postes hayan sido desmontados, es hora de reemplazarlos. Esto generalmente involucra la instalaci\u00f3n de nuevos postes y el uso de herramientas especializadas para asegurar que los nuevos postes est\u00e9n correctamente anclados a la estructura. Una vez que los nuevos postes est\u00e9n correctamente instalados, el proceso de desmontaje de monopostes habr\u00e1 finalizado.<\/p>\t\t\t\t\t\t<\/div>\n\t\t\t\t<\/div>\n\t\t\t\t\t<\/div>\n\t\t<\/div>\n\t\t\t\t\t<\/div>\n\t\t<\/section>\n\t\t\t\t<section class=\"elementor-section elementor-top-section elementor-element elementor-element-0606cf1 elementor-section-boxed elementor-section-height-default elementor-section-height-default\" data-id=\"0606cf1\" data-element_type=\"section\">\n\t\t\t\t\t\t<div class=\"elementor-container elementor-column-gap-default\">\n\t\t\t\t\t<div class=\"elementor-column elementor-col-100 elementor-top-column elementor-element elementor-element-e577ccd\" data-id=\"e577ccd\" data-element_type=\"column\">\n\t\t\t<div class=\"elementor-widget-wrap elementor-element-populated\">\n\t\t\t\t\t\t<div class=\"elementor-element elementor-element-6391877 elementor-widget elementor-widget-heading\" data-id=\"6391877\" data-element_type=\"widget\" data-widget_type=\"heading.default\">\n\t\t\t\t<div class=\"elementor-widget-container\">\n\t\t\t<h3 class=\"elementor-heading-title elementor-size-default\">Principales aspectos a considerar en el desmontaje de monopostes<\/h3>\t\t<\/div>\n\t\t\t\t<\/div>\n\t\t\t\t\t<\/div>\n\t\t<\/div>\n\t\t\t\t\t<\/div>\n\t\t<\/section>\n\t\t\t\t<section class=\"elementor-section elementor-top-section elementor-element elementor-element-4f4432b elementor-section-boxed elementor-section-height-default elementor-section-height-default\" data-id=\"4f4432b\" data-element_type=\"section\">\n\t\t\t\t\t\t<div class=\"elementor-container elementor-column-gap-default\">\n\t\t\t\t\t<div class=\"elementor-column elementor-col-100 elementor-top-column elementor-element elementor-element-b2b8980\" data-id=\"b2b8980\" data-element_type=\"column\">\n\t\t\t<div class=\"elementor-widget-wrap elementor-element-populated\">\n\t\t\t\t\t\t<div class=\"elementor-element elementor-element-1c730f9 elementor-widget elementor-widget-text-editor\" data-id=\"1c730f9\" data-element_type=\"widget\" data-widget_type=\"text-editor.default\">\n\t\t\t\t<div class=\"elementor-widget-container\">\n\t\t\t\t\t\t\t<p><br \/>El desmontaje de monopostes es una tarea de gran responsabilidad, que debe realizarse con mucho cuidado. Para asegurar que el trabajo se realiza de forma segura, hay varios aspectos que deben tenerse en cuenta.<\/p><p>En primer lugar, es importante consultar los manuales de instrucciones para obtener la informaci\u00f3n necesaria para llevar a cabo de la mejor manera posible este trabajo. Esto incluye conocer los pasos a seguir para desmontar correctamente los elementos del monoposte.<\/p><p>Tambi\u00e9n es importante tomar las medidas de seguridad adecuadas, como el uso de equipos de protecci\u00f3n personal, como gafas de seguridad, guantes, etc. Esto ayudar\u00e1 a reducir el riesgo de lesiones.<\/p><p>Adem\u00e1s, es importante recordar seguir los procedimientos de desmontaje establecidos por el fabricante. Esto es esencial para preservar la seguridad y para asegurar que el monoposte se desmonta con \u00e9xito.<\/p><p>Finalmente, es importante tener en cuenta que los monopostes no se deben desmontar en entornos inseguros. Por lo tanto, es importante asegurarse de que se han tomado todas las precauciones, como asegurarse de que el \u00e1rea est\u00e1 libre de obst\u00e1culos y de personas, para reducir el riesgo de lesiones.<\/p><p>En resumen, el desmontaje de monopostes es una tarea de gran responsabilidad que debe realizarse con cuidado. Es importante estar familiarizado con los manuales de instrucciones, tomar las medidas de seguridad adecuadas, seguir los procedimientos de desmontaje establecidos por el fabricante y asegurarse de que el \u00e1rea es segura. Si se siguen estos pasos, el desmontaje del monoposte se realizar\u00e1 con \u00e9xito.<\/p>\t\t\t\t\t\t<\/div>\n\t\t\t\t<\/div>\n\t\t\t\t\t<\/div>\n\t\t<\/div>\n\t\t\t\t\t<\/div>\n\t\t<\/section>\n\t\t\t\t<\/div>\n\t\t","protected":false},"excerpt":{"rendered":"<p>Servicio de desmontaje de\u00a0 monopostesen cualquier punto de Espa\u00f1a y Portugal, incluyendo Islas Baleares y Canarias. El desmontaje de monopostes es un proceso que implica el desmontaje, desmontaje y reemplazo de los postes de una estructura. Estos postes son com\u00fanmente utilizados para sostener l\u00edneas el\u00e9ctricas, luces de se\u00f1alizaci\u00f3n, postes de luz, se\u00f1ales de tr\u00e1fico y&hellip; <br \/> <a class=\"read-more\" href=\"https:\/\/montajespublicitarios.net\/index.php\/desmontaje-de-monopostes\/\">Leer m\u00e1s<\/a><\/p>\n","protected":false},"author":1,"featured_media":0,"parent":0,"menu_order":0,"comment_status":"closed","ping_status":"closed","template":"","meta":{"footnotes":""},"class_list":["post-416","page","type-page","status-publish","hentry"],"aioseo_notices":[],"_links":{"self":[{"href":"https:\/\/montajespublicitarios.net\/index.php\/wp-json\/wp\/v2\/pages\/416","targetHints":{"allow":["GET"]}}],"collection":[{"href":"https:\/\/montajespublicitarios.net\/index.php\/wp-json\/wp\/v2\/pages"}],"about":[{"href":"https:\/\/montajespublicitarios.net\/index.php\/wp-json\/wp\/v2\/types\/page"}],"author":[{"embeddable":true,"href":"https:\/\/montajespublicitarios.net\/index.php\/wp-json\/wp\/v2\/users\/1"}],"replies":[{"embeddable":true,"href":"https:\/\/montajespublicitarios.net\/index.php\/wp-json\/wp\/v2\/comments?post=416"}],"version-history":[{"count":4,"href":"https:\/\/montajespublicitarios.net\/index.php\/wp-json\/wp\/v2\/pages\/416\/revisions"}],"predecessor-version":[{"id":428,"href":"https:\/\/montajespublicitarios.net\/index.php\/wp-json\/wp\/v2\/pages\/416\/revisions\/428"}],"wp:attachment":[{"href":"https:\/\/montajespublicitarios.net\/index.php\/wp-json\/wp\/v2\/media?parent=416"}],"curies":[{"name":"wp","href":"https:\/\/api.w.org\/{rel}","templated":true}]}}